{"id":8493,"date":"2023-05-15T10:41:40","date_gmt":"2023-05-15T10:41:40","guid":{"rendered":"https:\/\/levifitze.ch\/?page_id=8493"},"modified":"2025-06-14T22:13:33","modified_gmt":"2025-06-14T22:13:33","slug":"schulvortrag","status":"publish","type":"page","link":"https:\/\/levifitze.ch\/english\/schulvortrag","title":{"rendered":"Schulvortrag"},"content":{"rendered":"<div class=\"wpb-content-wrapper\"><div data-parent=\"true\" class=\"vc_row row-container\" id=\"row-unique-0\"><div class=\"row-background background-element\">\n\t\t\t\t\t\t\t\t\t\t\t<div class=\"background-wrapper\">\n\t\t\t\t\t\t\t\t\t\t\t\t<div class=\"background-inner\" style=\"background-image: url(https:\/\/levifitze.ch\/wp-content\/uploads\/2025\/06\/DSC04056-Verbessert-NR-Kopie-scaled.jpg);background-repeat: no-repeat;background-position: center center;background-attachment: scroll;background-size: cover;\"><\/div>\n\t\t\t\t\t\t\t\t\t\t\t\t<div class=\"block-bg-overlay style-color-jevc-bg\" style=\"opacity: 0;\"><\/div>\n\t\t\t\t\t\t\t\t\t\t\t<\/div>\n\t\t\t\t\t\t\t\t\t\t<\/div><div class=\"row limit-width row-parent\" data-height-ratio=\"50\"><div class=\"wpb_row row-inner\"><div class=\"wpb_column pos-middle pos-center align_center column_parent col-lg-12 single-internal-gutter\"><div class=\"uncol style-light\"  ><div class=\"uncoltable\"><div class=\"uncell no-block-padding\" ><div class=\"uncont\" ><\/div><\/div><\/div><\/div><\/div><script id=\"script-row-unique-0\" data-row=\"script-row-unique-0\" type=\"text\/javascript\" class=\"vc_controls\">UNCODE.initRow(document.getElementById(\"row-unique-0\"));<\/script><\/div><\/div><\/div><div data-parent=\"true\" class=\"vc_row row-container\" id=\"row-unique-1\"><div class=\"row-background background-element\" style=\"opacity: 1;\">\n\t\t\t\t\t\t\t\t\t\t\t<div class=\"background-wrapper\">\n\t\t\t\t\t\t\t\t\t\t\t\t<div class=\"background-inner\"><\/div>\n\t\t\t\t\t\t\t\t\t\t\t\t<div class=\"block-bg-overlay style-color-prif-bg\" style=\"opacity: 1;\"><\/div>\n\t\t\t\t\t\t\t\t\t\t\t<\/div>\n\t\t\t\t\t\t\t\t\t\t<\/div><div class=\"row limit-width row-parent\"><div class=\"wpb_row row-inner\"><div class=\"wpb_column pos-top pos-center align_left column_parent col-lg-12 single-internal-gutter\"><div class=\"uncol style-light\"  ><div class=\"uncoltable\"><div class=\"uncell no-block-padding\" ><div class=\"uncont\" ><div class=\"uncode_text_column\" ><\/p>\n<div class=\"detail-title-wrapper desktop\">\n<div>\n<h2 style=\"text-align: center;\"><span style=\"color: #ffffff;\">Durch die Linse \u2013 Faszination Tierwelt<\/span><\/h2>\n<h3 style=\"text-align: center;\"><span style=\"color: #ffffff;\">Workshop f\u00fcr Schulklassen rund um die Medien Film und Fotografie mit Schwerpunkt Natur und Umwelt<\/span><\/h3>\n<\/div>\n<\/div>\n<p style=\"text-align: center;\"><span style=\"color: #ffffff;\">In diesem Workshop tauchen die Sch\u00fcler:innen in die Welt der Tiere ein. Der international ausgezeichnete Naturfotograf Levi Fitze zeigt seine besten Aufnahmen und erz\u00e4hlt spannende und lehrreiche Anekdoten zur Entstehung seiner Arbeit. Darunter stellt Levi einige Langzeitprojekte aus dem Alpenraum vor und berichtet zugleich von seinen Reisen nach S\u00fcdafrika, Kenia, Patagonien und auf die Falkland Inseln.<\/span><\/p>\n<p style=\"text-align: center;\"><span style=\"color: #ffffff;\">Neben eindr\u00fccklichem Wissen \u00fcber die Tierwelt erkl\u00e4rt Levi die wichtigsten Grundlagen rund um die Medien Fotografie und Film. Dazu geh\u00f6rt praktisches Wissen wie Bildgestaltung aber auch das Aufzeigen der Entstehung eines grossen Kinodokumentarfilms, an welchem Levi aktuell arbeitet. Mit Jahrgang 2004 kann Levi die Sch\u00fcler:innen gut abholen und spricht aus der Sicht eines Jugendlichen, der selbst vor wenigen Jahren noch die Schulbank dr\u00fcckte und vor wegweisenden Entscheidungen am Start in die Berufswelt stand.<\/span><\/p>\n<p>\n<\/div><div id=\"gallery-939415\" class=\"un-media-gallery isotope-system isotope-general-light grid-general-light\">\n\t\t\n\t\n\t<div class=\"isotope-wrapper grid-wrapper single-gutter\" >\n\t\t\t\t\t\t\t\t\t<div class=\"isotope-container isotope-layout style-masonry\" data-type=\"masonry\" data-layout=\"masonry\" data-lg=\"1000\" data-md=\"600\" data-sm=\"480\">\n\t\t\t<\/div>\n\t\t\t\t\t<\/div>\n\n\t\n\t\n\t\n<\/div>\n\n<\/div><\/div><\/div><\/div><\/div><script id=\"script-row-unique-1\" data-row=\"script-row-unique-1\" type=\"text\/javascript\" class=\"vc_controls\">UNCODE.initRow(document.getElementById(\"row-unique-1\"));<\/script><\/div><\/div><\/div><div data-parent=\"true\" class=\"vc_row has-bg need-focus style-color-nhtu-bg row-container\" id=\"row-unique-2\"><div class=\"row single-top-padding single-bottom-padding single-h-padding full-width row-parent\" data-height-ratio=\"20\"><div class=\"wpb_row row-inner\"><div class=\"wpb_column pos-middle pos-center align_center column_parent col-lg-12 single-internal-gutter\"><div class=\"uncol style-light\"  ><div class=\"uncoltable\"><div class=\"uncell\" ><div class=\"uncont no-block-padding col-custom-width\" style=\" max-width:900px;\" ><div class=\"uncode_text_column\" ><\/p>\n<p style=\"text-align: center;\"><span style=\"color: #ffffff;\">Anfragen\u00a0f\u00fcr Schulvortr\u00e4ge bitte direkt \u00fcber das Formular von KKlick<\/span><\/p>\n<p>\n<\/div><span class=\"btn-container\" ><a role=\"button\"  href=\"https:\/\/www.kklick.ch\/index.php?id=60&tx_nwkkangebote_pi1[action]=show&tx_nwkkangebote_pi1[angebote]=2856&tx_nwkkangebote_pi1[controller]=Angebote\" class=\"custom-link btn border-width-0 btn-default btn-icon-left\">Kulturvermittlung Ostschweiz &#8211; Schulvortrag Levi Fitze<\/a><\/span><div class=\"uncode-single-media  text-center\"><div class=\"single-wrapper\" style=\"max-width: 63%;\"><a class=\"single-media-link\" href=\"https:\/\/www.kklick.ch\/index.php?id=60&amp;tx_nwkkangebote_pi1[action]=show&amp;tx_nwkkangebote_pi1[angebote]=2856&amp;tx_nwkkangebote_pi1[controller]=Angebote\" target=\"_blank\"><div class=\"tmb tmb-light  tmb-media-first tmb-media-last tmb-content-overlay tmb-no-bg\"><div class=\"t-inside\"><div class=\"t-entry-visual\"><div class=\"t-entry-visual-tc\"><div class=\"uncode-single-media-wrapper\"><img decoding=\"async\" class=\"wp-image-10171\" src=\"https:\/\/levifitze.ch\/wp-content\/uploads\/2023\/11\/Bildschirmfoto-2023-11-20-um-18.42.24.png\" width=\"2006\" height=\"1652\" alt=\"\" srcset=\"https:\/\/levifitze.ch\/wp-content\/uploads\/2023\/11\/Bildschirmfoto-2023-11-20-um-18.42.24.png 2006w, https:\/\/levifitze.ch\/wp-content\/uploads\/2023\/11\/Bildschirmfoto-2023-11-20-um-18.42.24-600x494.png 600w, https:\/\/levifitze.ch\/wp-content\/uploads\/2023\/11\/Bildschirmfoto-2023-11-20-um-18.42.24-300x247.png 300w, https:\/\/levifitze.ch\/wp-content\/uploads\/2023\/11\/Bildschirmfoto-2023-11-20-um-18.42.24-1024x843.png 1024w, https:\/\/levifitze.ch\/wp-content\/uploads\/2023\/11\/Bildschirmfoto-2023-11-20-um-18.42.24-768x632.png 768w, https:\/\/levifitze.ch\/wp-content\/uploads\/2023\/11\/Bildschirmfoto-2023-11-20-um-18.42.24-1536x1265.png 1536w, https:\/\/levifitze.ch\/wp-content\/uploads\/2023\/11\/Bildschirmfoto-2023-11-20-um-18.42.24-350x288.png 350w, https:\/\/levifitze.ch\/wp-content\/uploads\/2023\/11\/Bildschirmfoto-2023-11-20-um-18.42.24-1320x1087.png 1320w, https:\/\/levifitze.ch\/wp-content\/uploads\/2023\/11\/Bildschirmfoto-2023-11-20-um-18.42.24-uai-720x593.png 720w\" sizes=\"(max-width: 2006px) 100vw, 2006px\" \/><\/div>\n\t\t\t\t\t<\/div>\n\t\t\t\t<\/div><\/div><\/div><\/a><\/div><\/div><div class=\"divider-wrapper \"  >\n    <hr class=\"unseparator separator-no-padding\"  \/>\n<\/div>\n<span class=\"btn-container\" ><a role=\"button\"  href=\"https:\/\/levifitze.ch\/vortrage\" class=\"custom-link btn border-width-0 btn-default btn-icon-left\">Zur\u00fcck zum Vortragsangebot<\/a><\/span><\/div><\/div><\/div><\/div><\/div><script id=\"script-row-unique-2\" data-row=\"script-row-unique-2\" type=\"text\/javascript\" class=\"vc_controls\">UNCODE.initRow(document.getElementById(\"row-unique-2\"));<\/script><\/div><\/div><\/div>\n<\/div>","protected":false},"excerpt":{"rendered":"Durch die Linse \u2013 Faszination Tierwelt Workshop f\u00fcr Schulklassen rund um die Medien Film und Fotografie mit Schwerpunkt Natur und [...]","protected":false},"author":1,"featured_media":0,"parent":0,"menu_order":0,"comment_status":"closed","ping_status":"closed","template":"","meta":{"footnotes":""},"class_list":["post-8493","page","type-page","status-publish","hentry"],"_links":{"self":[{"href":"https:\/\/levifitze.ch\/english\/wp-json\/wp\/v2\/pages\/8493","targetHints":{"allow":["GET"]}}],"collection":[{"href":"https:\/\/levifitze.ch\/english\/wp-json\/wp\/v2\/pages"}],"about":[{"href":"https:\/\/levifitze.ch\/english\/wp-json\/wp\/v2\/types\/page"}],"author":[{"embeddable":true,"href":"https:\/\/levifitze.ch\/english\/wp-json\/wp\/v2\/users\/1"}],"replies":[{"embeddable":true,"href":"https:\/\/levifitze.ch\/english\/wp-json\/wp\/v2\/comments?post=8493"}],"version-history":[{"count":46,"href":"https:\/\/levifitze.ch\/english\/wp-json\/wp\/v2\/pages\/8493\/revisions"}],"predecessor-version":[{"id":142985,"href":"https:\/\/levifitze.ch\/english\/wp-json\/wp\/v2\/pages\/8493\/revisions\/142985"}],"wp:attachment":[{"href":"https:\/\/levifitze.ch\/english\/wp-json\/wp\/v2\/media?parent=8493"}],"curies":[{"name":"wp","href":"https:\/\/api.w.org\/{rel}","templated":true}]}}